actors of 146804821.
146804821
What are the prime factors of 6091743?
3, 7, 290083
List the prime factors of 59204769.
3, 13, 1518071
What are the prime factors of 523867996?
2, 130966999
What are the prime factors of 2449045352?
2, 13, 23548513
List the prime factors of 1038849809.
23, 45167383
What are the prime factors of 875598140?
2, 5, 4079, 10733
List the prime factors of 34308825.
3, 5, 47, 9733
What are the prime factors of 1741121008?
2, 11, 941, 10513
List the prime factors of 33758263.
7, 11, 438419
List the prime factors of 4739502723.
3, 33053, 47797
What are the prime factors of 2671915?
5, 29, 18427
List the prime factors of 61865504.
2, 1181, 1637
What are the prime factors of 916431972?
2, 3, 76369331
What are the prime factors of 593296544?
2, 149, 124433
What are the prime factors of 181674350?
2, 5, 11, 13, 25409
List the prime factors of 1152600141.
3, 7, 11, 453601
List the prime factors of 360319408.
2, 22519963
List the prime factors of 10199520.
2, 3, 5, 787
What are the prime factors of 104676787?
104676787
List the prime factors of 34301284.
2, 8575321
List the prime factors of 89833021.
89833021
List the prime factors of 107348142.
2, 3, 11, 1626487
What are the prime factors of 72735613?
59, 103, 11969
What are the prime factors of 145302904?
2, 18162863
What are the prime factors of 175195368?
2, 3, 727, 3347
List the prime factors of 57952912.
2, 107, 33851
List the prime factors of 657028088.
2, 82128511
List the prime factors of 759153302.
2, 379576651
List the prime factors of 857217856.
2, 11, 109, 11171
What are the prime factors of 394182454?
2, 4987, 39521
List the prime factors of 72897200.
2, 5, 182243
List the prime factors of 311464569.
3, 13, 2399, 3329
List the prime factors of 10200214.
2, 67, 163, 467
What are the prime factors of 2316918627?
3, 17, 47, 211, 509
List the prime factors of 2502842.
2, 17, 73613
List the prime factors of 580517241.
3, 17, 19, 31531
List the prime factors of 1154057571.
3, 89, 179, 2683
What are the prime factors of 77727105?
3, 5, 29, 59561
List the prime factors of 184797087.
3, 61599029
What are the prime factors of 2530868843?
20333, 124471
What are the prime factors of 3848828?
2, 449, 2143
List the prime factors of 264899876.
2, 7523, 8803
What are the prime factors of 6960662873?
5927, 1174399
What are the prime factors of 67737250?
2, 5, 7, 38707
What are the prime factors of 1452619616?
2, 7, 19, 341311
List the prime factors of 174624232.
2, 21828029
What are the prime factors of 3380371667?
3380371667
What are the prime factors of 566358764?
2, 19, 71, 104959
List the prime factors of 15714772.
2, 349, 11257
What are the prime factors of 2319716438?
2, 13, 29, 257, 11971
What are the prime factors of 162284332?
2, 7, 107, 54167
What are the prime factors of 328994490?
2, 3, 5, 11, 996953
What are the prime factors of 322062640?
2, 5, 4025783
List the prime factors of 39735184.
2, 239, 10391
What are the prime factors of 73417550?
2, 5, 71, 20681
What are the prime factors of 2455010?
2, 5, 245501
List the prime factors of 4890254.
2, 17, 143831
What are the prime factors of 72216141?
3, 24072047
List the prime factors of 62855735.
5, 157, 80071
List the prime factors of 143052080.
2, 5, 1788151
List the prime factors of 287682639.
3, 29, 307, 10771
List the prime factors of 20601675.
3, 5, 23, 1327
List the prime factors of 3606748450.
2, 5, 23, 136361
What are the prime factors of 560495790?
2, 3, 5, 6227731
What are the prime factors of 4253087864?
2, 167, 281, 11329
What are the prime factors of 3121009215?
3, 5, 208067281
List the prime factors of 155174160.
2, 3, 5, 359, 1801
List the prime factors of 6965895207.
3, 23, 29, 31, 112297
What are the prime factors of 68420292?
2, 3, 19, 300089
List the prime factors of 930922454.
2, 7, 11, 101, 5441
What are the prime factors of 521734258?
2, 641, 406969
What are the prime factors of 112504563?
3, 59, 211873
List the prime factors of 176990543.
23, 7695241
What are the prime factors of 688942203?
3, 8053, 28517
What are the prime factors of 886433073?
3, 295477691
What are the prime factors of 53975327?
7, 7710761
List the prime factors of 257092704.
2, 3, 11, 71, 127
What are the prime factors of 12713686?
2, 71, 89533
What are the prime factors of 61084373?
7, 19, 37, 12413
What are the prime factors of 152456215?
5, 4021, 7583
List the prime factors of 520027520.
2, 5, 53, 15331
What are the prime factors of 2746244738?
2, 83, 199321
List the prime factors of 2445343900.
2, 5, 23, 1063193
List the prime factors of 24102794.
2, 12051397
List the prime factors of 5723604.
2, 3, 37, 4297
List the prime factors of 576019733.
47, 1307, 9377
What are the prime factors of 250402696?
2, 151, 207287
What are the prime factors of 384883170?
2, 3, 5, 7, 89, 20593
List the prime factors of 774702764.
2, 11, 17606881
List the prime factors of 7572670811.
23, 1171, 281167
What are the prime factors of 129268567?
129268567
What are the prime factors of 56152785?
3, 5, 13, 17, 1303
List the prime factors of 119313772.
2, 29, 41, 25087
What are the prime factors of 211337149?
17, 12431597
What are the prime factors of 3639124074?
2, 3, 17, 19, 1877773
List the prime factors of 177077754.
2, 3, 7, 61, 23039
List the prime factors of 9686104.
2, 71, 17053
What are the prime factors of 266010132?
2, 3, 31, 41, 107, 163
List the prime factors of 65335720.
2, 5, 67, 24379
List the prime factors of 74946885.
3, 5, 13, 384343
What are the prime factors of 48414837?
3, 233, 69263
What are the prime factors of 1412654272?
2, 22072723
What are the prime factors of 453046492?
2, 113261623
List the prime factors of 57908704.
2, 7, 258521
List the prime factors of 2413098453.
3, 691, 719, 1619
List the prime factors of 133978031.
11, 12179821
List the prime factors of 82018918.
2, 41009459
What are the prime factors of 86296518?
2, 3, 7, 11, 19, 29, 113
What are the prime factors of 2626556128?
2, 7, 1303, 8999
What are the prime factors of 75526712?
2, 599, 15761
What are the prime factors of 978314384?
2, 23, 2658463
What are the prime factors of 4863197?
1291, 3767
List the prime factors of 1084461963.
3, 13, 27806717
List the prime factors of 245063717.
29, 653, 12941
What are the prime factors of 3979393?
11, 361763
List the prime factors of 5882266692.
2, 3, 53, 3082949
List the prime factors of 99876247.
4177, 23911
What are the prime factors of 26249530?
2, 5, 17, 154409
What are the prime factors of 838764302?
2, 83, 89, 56773
What are the prime factors of 332815362?
2, 3, 11, 19, 265403
List the prime factors of 9254138.
2, 103, 167, 269
What are the prime factors of 796650726?
2, 3, 5527, 24023
What are the prime factors of 266119007?
7, 11, 3456091
List the prime factors of 372705823.
7, 23, 2314943
List the prime factors of 561638975.
5, 22465559
List the prime factors of 2516130393.
3, 7, 29, 4131577
List the prime factors of 35015053.
17, 2059709
List the prime factors of 589140834.
2, 3, 98190139
List the prime factors of 33207205.
5, 17, 390673
List the prime factors of 96945507.
3, 601, 17923
List the prime factors of 86712813.
3, 11, 29, 30203
What are the prime factors of 1464718084?
2, 6869, 53309
List the prime factors of 97391665.
5, 7, 397517
What are the prime factors of 125740901?
11, 13, 43
What are the prime factors of 51239848?
2, 11, 59, 71, 139
What are the prime factors of 52392064?
2, 191, 2143
What are the prime factors of 19026355?
5, 73, 52127
What are the prime factors of 10750145?
5, 7, 307147
What are the prime factors of 26036027?
17, 43, 35617
What are the prime factors of 3933703492?
2, 29, 1169353
What are the prime factors of 89708628?
2, 3, 1213, 6163
What are the prime factors of 1194206074?
2, 421, 1418297
What are the prime factors of 26663469?
3, 7, 73, 17393
What are the prime factors of 100342110?
2, 3, 5, 11, 304067
What are the prime factors of 2199234666?
2, 3, 67, 5470733
List the prime factors of 669152702.
2, 334576351
List the prime factors of 1121916721.
107, 10485203
List the prime factors of 4805748.
2, 3, 133493
What are the prime factors of 121559735?
5, 11, 29, 76213
What are the prime factors of 3455604550?
2, 5, 2081, 33211
What are the prime factors of 32698848